y 99998.
1993
Calculate the remainder when 32637988 is divided by 4079746.
20
Calculate the remainder when 116508 is divided by 5364.
3864
Calculate the remainder when 1605572 is divided by 226.
68
Calculate the remainder when 599170 is divided by 84.
82
Calculate the remainder when 66700 is divided by 9456.
508
What is the remainder when 11179573 is divided by 32125?
73
Calculate the remainder when 252652705 is divided by 146.
143
Calculate the remainder when 31760927 is divided by 16.
15
Calculate the remainder when 6761815 is divided by 319.
291
What is the remainder when 28785120 is divided by 6105?
45
What is the remainder when 360964 is divided by 1347?
1315
What is the remainder when 850319 is divided by 425155?
9
Calculate the remainder when 23412773 is divided by 1427.
1411
What is the remainder when 3554206 is divided by 134?
124
What is the remainder when 114421 is divided by 289?
266
What is the remainder when 14649392 is divided by 52?
4
What is the remainder when 4830259 is divided by 438?
433
Calculate the remainder when 9749906 is divided by 522.
512
Calculate the remainder when 58661570 is divided by 651795.
20
Calculate the remainder when 153222363 is divided by 7305.
7293
What is the remainder when 436568 is divided by 218156?
256
What is the remainder when 2278335 is divided by 510?
165
What is the remainder when 224588 is divided by 764?
736
Calculate the remainder when 1246731 is divided by 1769.
1355
Calculate the remainder when 22114 is divided by 3635.
304
Calculate the remainder when 42627 is divided by 3440.
1347
Calculate the remainder when 17490993 is divided by 491.
100
Calculate the remainder when 368859 is divided by 63.
57
Calculate the remainder when 450900 is divided by 55.
10
What is the remainder when 10014378 is divided by 309?
306
Calculate the remainder when 8475238 is divided by 875.
863
What is the remainder when 30891897 is divided by 60?
57
Calculate the remainder when 4631750 is divided by 213.
65
Calculate the remainder when 2195086 is divided by 278.
276
What is the remainder when 3488526 is divided by 95?
31
Calculate the remainder when 55503649 is divided by 189.
19
What is the remainder when 291683 is divided by 265?
183
Calculate the remainder when 74546 is divided by 64.
50
Calculate the remainder when 1299168 is divided by 331.
324
What is the remainder when 163092 is divided by 214?
24
Calculate the remainder when 20614677 is divided by 30.
27
Calculate the remainder when 1087316 is divided by 520.
516
What is the remainder when 1566680 is divided by 688?
104
Calculate the remainder when 245963 is divided by 406.
333
What is the remainder when 5332709 is divided by 106654?
9
What is the remainder when 763386 is divided by 3779?
28
What is the remainder when 36165867 is divided by 217?
213
Calculate the remainder when 20931813 is divided by 536713.
6
Calculate the remainder when 21220312 is divided by 7073436.
4
What is the remainder when 20518776 is divided by 7192?
0
What is the remainder when 599977 is divided by 2290?
2287
What is the remainder when 1431758 is divided by 395?
278
What is the remainder when 111133471 is divided by 18?
13
What is the remainder when 13313526 is divided by 4437797?
135
What is the remainder when 7801827 is divided by 51?
0
Calculate the remainder when 348984 is divided by 408.
144
Calculate the remainder when 529637 is divided by 529631.
6
Calculate the remainder when 81125 is divided by 27020.
65
Calculate the remainder when 2866813 is divided by 2036.
125
What is the remainder when 164118 is divided by 20490?
198
Calculate the remainder when 4705368 is divided by 35.
3
Calculate the remainder when 304332 is divided by 1984.
780
Calculate the remainder when 9640506 is divided by 13.
5
What is the remainder when 14546 is divided by 52?
38
Calculate the remainder when 9563260 is divided by 135.
130
What is the remainder when 437184 is divided by 5?
4
Calculate the remainder when 2429354 is divided by 31145.
44
Calculate the remainder when 398920 is divided by 1157.
912
What is the remainder when 224179 is divided by 27729?
2347
Calculate the remainder when 6394039 is divided by 10.
9
What is the remainder when 138796 is divided by 252?
196
Calculate the remainder when 271706020 is divided by 5868.
16
Calculate the remainder when 244024 is divided by 60974.
128
What is the remainder when 28430272 is divided by 28?
24
What is the remainder when 21737864 is divided by 73?
70
What is the remainder when 9540126 is divided by 502110?
36
Calculate the remainder when 4362342 is divided by 2220.
42
What is the remainder when 326357 is divided by 65251?
102
What is the remainder when 88312 is divided by 1062?
166
Calculate the remainder when 31067 is divided by 30440.
627
What is the remainder when 5264865 is divided by 362?
299
What is the remainder when 769878 is divided by 202?
56
Calculate the remainder when 31828576 is divided by 219.
211
What is the remainder when 2039170 is divided by 679640?
250
What is the remainder when 6244312 is divided by 2094?
4
What is the remainder when 1924499 is divided by 962203?
93
Calculate the remainder when 4277541 is divided by 370.
341
Calculate the remainder when 578203 is divided by 144437.
455
Calculate the remainder when 830011 is divided by 43684.
15
What is the remainder when 81787 is divided by 1674?
1435
What is the remainder when 24735060 is divided by 1124320?
20
Calculate the remainder when 404025 is divided by 6217.
6137
What is the remainder when 535797 is divided by 705?
702
Calculate the remainder when 676403 is divided by 675677.
726
What is the remainder when 579927 is divided by 724?
3
What is the remainder when 10267318 is divided by 68?
66
Calculate the remainder when 61535 is divided by 603.
29
Calculate the remainder when 542345 is divided by 542301.
44
Calculate the remainder when 4667300 is divided by 217.
64
What is the remainder when 8470 is divided by 53?
43
What is the remainder when 4508734 is divided by 20?
14
What is the remainder when 211728 is divided by 42342?
18
Calculate the remainder when 510201 is divided by 170066.
3
What is the remainder when 1004126 is divided by 200312?
2566
Calculate the remainder when 8202522 is divided by 673.
671
What is the remainder when 982404 is divided by 163407?
1962
Calculate the remainder when 1169484 is divided by 51.
3
What is the remainder when 50750 is divided by 12685?
10
What is the remainder when 686780 is divided by 2931?
926
Calculate the remainder when 167591 is divided by 52854.
9029
What is the remainder when 2035521 is divided by 2035379?
142
Calculate the remainder when 90418999 is divided by 8219908.
11
What is the remainder when 281442534 is divided by 703?
702
Calculate the remainder when 1271949 is divided by 635931.
87
Calculate the remainder when 119079 is divided by 5954.
5953
What is the remainder when 5896493 is divided by 168471?
8
What is the remainder when 584010 is divided by 337?
326
Calculate the remainder when 689660 is divided by 476.
412
Calculate the remainder when 39006307 is divided by 126234.
1
What is the remainder when 38159942 is divided by 2116?
2114
What is the remainder when 1443040 is divided by 1443032?
8
What is the remainder when 1383685 is divided by 230612?
13
Calculate the remainder when 117252 is divided by 36033.
9153
Calculate the remainder when 197431 is divided by 238.
129
Calculate the remainder when 2851708 is divided by 263.
262
What is the remainder when 77798 is divided by 1772?
1602
What is the remainder when 26690841 is divided by 1404781?
2
What is the remainder when 471003 is divided by 2200?
203
What is the remainder when 6208885 is divided by 153?
145
What is the remainder when 496708 is divided by 2300?
2208
What is the remainder when 15160874 is divided by 7580427?
20
Calculate the remainder when 17116457 is divided by 9525.
32
What is the remainder when 834671 is divided by 606?
209
Calculate the remainder when 159943568 is divided by 219.
203
What is the remainder when 6441672 is divided by 604?
12
What is the remainder when 4594901 is divided by 145?
141
What is the remainder when 1904287 is divided by 100?
87
Calculate the remainder when 1608216 is divided by 178688.
24
What is the r